iple of 281?
False
Is 264786 a multiple of 5?
False
Is 39 a factor of 8723442?
True
Does 237 divide 2971269?
True
Does 1480 divide 6498748?
False
Does 23 divide 1204957?
False
Is 20369055 a multiple of 245?
True
Does 161 divide 402630?
False
Is 493987 a multiple of 169?
True
Does 330 divide 205590?
True
Is 675839 a multiple of 75?
False
Is 547871 a multiple of 18?
False
Is 9 a factor of 872037?
True
Is 11 a factor of 3440698?
False
Is 8 a factor of 253232?
True
Does 19 divide 879586?
True
Is 10 a factor of 444320?
True
Is 109 a factor of 172438?
True
Does 5 divide 280430?
True
Does 53 divide 3445?
True
Does 265 divide 1379383?
False
Is 507198 a multiple of 231?
False
Does 1204 divide 5649168?
True
Does 380 divide 795353?
False
Is 169330 a multiple of 118?
True
Is 50 a factor of 240300?
True
Is 767749 a multiple of 780?
False
Is 7 a factor of 14444?
False
Does 18 divide 4881?
False
Is 428 a factor of 2842881?
False
Does 167 divide 1183195?
True
Is 198 a factor of 737946?
True
Is 183694 a multiple of 14?
True
Is 335109 a multiple of 37?
True
Does 54 divide 257706?
False
Is 55459 a multiple of 11?
False
Does 156 divide 40438?
False
Does 4 divide 2610912?
True
Is 110 a factor of 69822?
False
Is 655018 a multiple of 944?
False
Does 413 divide 275089?
False
Is 387864 a multiple of 100?
False
Is 2133510 a multiple of 15?
True
Is 110865 a multiple of 95?
True
Does 70 divide 49247?
False
Does 10 divide 941040?
True
Is 804488 a multiple of 14?
False
Is 224 a factor of 128887?
False
Does 54 divide 78894?
True
Is 1400146 a multiple of 43?
False
Is 12181223 a multiple of 41?
True
Is 77189 a multiple of 60?
False
Does 45 divide 35600?
False
Does 51 divide 3410335?
False
Does 5 divide 795482?
False
Does 9 divide 297616?
False
Is 3865050 a multiple of 189?
True
Is 929600 a multiple of 100?
True
Does 53 divide 439211?
True
Does 1427 divide 7591610?
False
Is 11539424 a multiple of 38?
False
Is 83 a factor of 1034097?
True
Is 2432306 a multiple of 7?
False
Is 28 a factor of 483583?
False
Is 7 a factor of 3269086?
False
Is 66 a factor of 851187?
False
Is 100752 a multiple of 8?
True
Is 10 a factor of 2258450?
True
Is 1368284 a multiple of 30?
False
Is 6 a factor of 1189368?
True
Is 98775 a multiple of 5?
True
Is 47 a factor of 181596?
False
Does 92 divide 1109098?
False
Does 89 divide 606713?
True
Does 33 divide 1213905?
True
Is 183 a factor of 5188782?
True
Does 31 divide 192498?
False
Does 38 divide 3019664?
False
Is 13 a factor of 17130?
False
Does 8 divide 33704?
True
Is 1931023 a multiple of 111?
False
Does 20 divide 177398?
False
Is 297120 a multiple of 160?
True
Is 327 a factor of 484569?
False
Does 20 divide 130500?
True
Does 352 divide 205682?
False
Is 60 a factor of 284527?
False
Does 56 divide 52127?
False
Is 1132702 a multiple of 759?
False
Is 66304 a multiple of 3?
False
Is 50297 a multiple of 13?
True
Is 210418 a multiple of 13?
True
Is 16269340 a multiple of 17?
True
Does 2 divide 162667?
False
Is 915120 a multiple of 492?
True
Is 73219 a multiple of 48?
False
Is 32 a factor of 920896?
True
Is 5423070 a multiple of 58?
False
Is 105 a factor of 9417682?
False
Is 1095222 a multiple of 417?
False
Is 9 a factor of 64089?
True
Is 625607 a multiple of 393?
False
Does 8 divide 33728?
True
Is 7443655 a multiple of 1785?
False
Is 5619859 a multiple of 170?
False
Does 69 divide 646751?
False
Is 45 a factor of 68625?
True
Is 151 a factor of 71322?
False
Is 51 a factor of 27871746?
False
Does 52 divide 20488?
True
Does 10 divide 42900?
True
Does 1229 divide 13428506?
False
Does 49 divide 79820?
False
Is 14 a factor of 1643516?
True
Does 674 divide 9942174?
True
Does 173 divide 4062399?
False
Is 62 a factor of 585681?
False
Does 39 divide 2178685?
False
Is 58 a factor of 89469?
False
Is 20 a factor of 5142780?
True
Is 6414832 a multiple of 86?
False
Is 49 a factor of 1422225?
True
Is 11690 a multiple of 4?
False
Is 14 a factor of 27887?
False
Is 38 a factor of 2933441?
False
Does 12 divide 44661?
False
Is 3 a factor of 69678?
True
Is 6 a factor of 280818?
True
Is 2246 a factor of 32769995?
False
Is 14 a factor of 5553?
False
Is 4308408 a multiple of 22?
False
Does 213 divide 10707982?
False
Is 3467595 a multiple of 529?
True
Is 13 a factor of 69441?
False
Is 23 a factor of 1995894?
True
Is 77 a factor of 3157?
True
Does 37 divide 518478?
False
Is 284688 a multiple of 16?
True
Is 55 a factor of 34760330?
True
Is 3 a factor of 53010?
True
Does 211 divide 275144?
True
Is 1423044 a multiple of 63?
True
Is 4081 a multiple of 53?
True
Is 14 a factor of 22794?
False
Does 675 divide 24754950?
True
Does 115 divide 42782?
False
Does 6 divide 127776?
True
Does 8 divide 1225080?
True
Does 23 divide 184406?
False
Is 220 a factor of 369160?
True
Does 595 divide 33969443?
False
Does 469 divide 1092770?
True
Is 51 a factor of 201605?
False
Does 41 divide 206599?
True
Does 73 divide 184074?
False
Does 47 divide 142111?
False
Does 303 divide 1405011?
True
Is 56508 a multiple of 12?
True
Does 39 divide 26097039?
False
Is 207518 a multiple of 86?
True
Is 26 a factor of 52208?
True
Does 23 divide 422252?
False
Does 213 divide 3861217?
False
Is 39 a factor of 47072?
False
Is 647662 a multiple of 59?
False
Is 3376319 a multiple of 19?
True
Is 520512 a multiple of 48?
True
Does 601 divide 1370303?
False
Is 38 a factor of 2313782?
True
Is 5 a factor of 120884?
False
Is 35125 a multiple of 15?
False
Is 777218 a multiple of 13?
True
Is 916 a factor of 24126110?
False
Is 700014 a multiple of 49?
True
Does 29 divide 209989?
True
Is 5851815 a multiple of 241?
False
Does 26 divide 39780?
True
Is 47 a factor of 17108?
True
Is 33 a factor of 11590183?
False
Is 100 a factor of 218400?
True
Is 116 a factor of 5012302?
False
Is 111 a factor of 4247929?
False
Is 90346 a multiple of 199?
True
Does 48 divide 739776?
True
Is 182184 a multiple of 8?
True
Does 772 divide 87003?
False
Is 353095 a multiple of 5?
True
Is 301345 a multiple of 268?
False
Does 110 divide 35256210?
True
Is 5563700 a multiple of 10?
True
Is 339315 even?
False
Is 16913232 a multiple of 588?
True
Is 545840 a multiple of 20?
True
Is 499988 a multiple of 12?
False
Does 3 divide 5643417?
True
Is 50915 a multiple of 2?
False
Is 40 a factor of 3717848?
False
Is 5616429 a multiple of 21?
True
Is 230033 a multiple of 16?
False
Does 27 divide 22329?
True
Is 1255649 a multiple of 118?
False
Is 607315 a multiple of 5?
True
Is 919 a factor of 41355?
True
Is 771 a factor of 7088574?
True
Does 13 divide 1417078?
True
Is 293734 a multiple of 8?
False
Is 35780 a multiple of 138?
False
Is 13 a factor of 1853878?
True
Does 16 divide 1248268?
False
Is 108 a factor of 361395?
False
Is 69 a factor of 3314346?
True
Does 360 divide 11165760?
True
Is 11 a factor of 22671?
True
Is 411 a factor of 1276566?
True
Is 336072 a multiple of 268?
True
Is 12621 a multiple of 61?
False
Does 8 divide 5971084?
False
Does 8 divide 1237490?
False
Is 81 a factor of 1937832?
False
Is 18 a factor of 123768?
True
Is 500038 a multiple of 22?
True
Is 7 a factor of 1529289?
False
Is 740027 a multiple of 17?
True
Is 428654 a multiple of 491?
False
Does 6 divide 6032352?
True
Does 89 divide 3373058?
False
Is 131206 a multiple of 454?
True
Is 478400 a multiple of 131?
False
Does 17 divide 122361?
False
Is 238871 a multiple of 87?
False
Is 1341657 a multiple of 37?
True
Is 5 a factor of 80489?
False
Does 196 divide 905324?
True
Does 14 divide 1796606?
True
Is 273834 a multiple of 574?
False
Is 378587 a multiple of 1397?
True
Does 9 divide 50427?
True
Is 501384 a multiple of 39?
True
Is 28 a factor of 23626?
False
Is 75088 a multiple of 304?
True
Is 291 a factor of 534343?
False
Does 3 divide 877842?
True
Is 3936959 a multiple of 863?
False
Is 172 a factor of 3587387?
False
Does 9 divide 147306?
False
Does 31 divide 334598?
False
Is 271 a factor of 5797467?
False
Is 56764 a multiple of 23?
True
Is 18 a factor of 213698?
False
Is 152 a factor of 6077568?
True
Is 472400 a multiple of 8?
True
Is 118 a factor of 731600?
True
Is 6 a factor of 1834688?
False
Does 64 divide 352640?
True
Is 754257 a multiple of 147?
True
Is 2696378 a multiple of 205?
False
Does 22 divide 55057?
False
Is 440 a factor of 105426?
False
Does 420 divide 2122783?
False
Does 174 divide 143724?
True
Is 14